 r?
9
Let g = -413 - -948. What is the units digit of (10 - -1 - 6) + 1*g?
0
Let f(j) = 24393*j**2 - 37*j - 38. What is the units digit of f(-1)?
2
Let w = -5157 - -24059. What is the tens digit of w?
0
Let x(k) = 685*k - 7982. What is the thousands digit of x(38)?
8
Let l(c) = 3*c**3 + 2*c**2 + 5*c - 5. Let g(h) = 3*h**3 + 3*h**2 + 5*h - 5. Let i(m) = 7*g(m) - 6*l(m). What is the hundreds digit of i(3)?
1
Let q(b) = 2*b**2 + 26*b + 8. Let m be q(-15). Let k = m - 58. What is the units digit of k?
0
Let x be (-3)/(-4) - (-198)/(-72). Let q be 50/3*(-3)/x. Suppose 0 = a + l + 3 - q, 4*a = -2*l + 96. What is the units digit of a?
6
Suppose -23*u + 79 = 10. Suppose -5*v + 3268 = u*j, -v + 3292 = 4*v - 3*j. What is the tens digit of v?
5
Suppose -112144 = -28*j + 99900. What is the tens digit of j?
7
Suppose 2*i + 3*w = 5, -2*i = 4*w + 3 - 5. Suppose -i*t + 1290 = -1391. What is the hundreds digit of t?
3
Suppose -10 = -t + 6*t. Let b be (-1)/((-4)/976) - t. Suppose 72*j = 75*j - b. What is the units digit of j?
2
Suppose 4*g - 33914 = -5*k, -2*g + 4*k = -0*k - 16918. What is the tens digit of g?
7
Suppose k - 97 = -92. Suppose 4*v = -2*g + 810, -3*v - 569 - 1469 = -k*g. What is the tens digit of g?
0
Suppose -2*q + 47704 = -87*t + 91*t, -4*q + 95408 = t. What is the tens digit of q?
5
Suppose -4*u + 1079 = w, 46*w - 44*w = 3*u - 823. What is the tens digit of u?
7
Suppose -5*h + 2*h = -12. Let w be -4 - (4 - h) - -351. Let j = -177 + w. What is the tens digit of j?
7
What is the thousands digit of (-852)/213 - (-19988 + 0) - 0/2?
9
Let k = -47 - -68. Suppose 0 = 3*c - j + 560, -4*c + k = -2*j + 769. Let l = c - -409. What is the units digit of l?
3
Let o = 16072 + 5447. What is the ten thousands digit of o?
2
Let z = 3235 - 2414. What is the hundreds digit of z?
8
Suppose 0 = 58*r - 271220 - 285812. What is the units digit of r?
4
What is the thousands digit of 2/(-35) - 1342517/(-385)?
3
Let t(g) = 147*g**2 - 2*g + 2. Let u be t(1). Let o be (-43344)/u - (-2)/(-14). Let d = o + 494. What is the tens digit of d?
9
Suppose 68218 = 18*g - 78706 + 22940. What is the tens digit of g?
8
What is the units digit of 828/(-15)*(-87165)/351?
8
What is the tens digit of (-294767)/(-55) - 14/10?
5
Let w be (-13 - 1)*(2 + (-36)/8). Suppose w*z = 36*z. Suppose z = -3*k + 6, -4*g + 7*g = -4*k + 416. What is the units digit of g?
6
Suppose -28 = n - 3*n. Suppose 12*d + 160 = n*d. What is the tens digit of d - (-4 + 3 + 0)?
8
Let x = 984 - -12153. What is the thousands digit of x?
3
Suppose 2*g = -5*w + 30, -28 = -2*w - 4*g - 0*g. Suppose w*o + 571 + 493 = 4*k, -4*k + 1064 = -3*o. What is the tens digit of k?
6
Let u be (-2)/(-3)*-111*(-3)/6. Suppose -34*s - 12 = -u*s. What is the units digit of (s - 2) + 5 - 2?
5
Let u(c) = 4*c**2 - 83*c + 2081. What is the tens digit of u(29)?
3
Let o(d) = -3 + 730*d**2 - 480*d**2 - 5*d - 10. What is the units digit of o(-2)?
7
Let f(p) = -p**3 - 27*p**2 + 9*p + 515. What is the tens digit of f(-32)?
4
Let p(z) = -78*z + 44. Let w be (12/(-8) + 3)/((-3)/6). What is the hundreds digit of p(w)?
2
Let i(a) = -a**3 - 4*a**2 - 2*a + 3. Let p be i(-3). Suppose 6*s - s + 400 = p. Let y = -13 - s. What is the units digit of y?
7
Suppose -4*v + 55226 = -3*b, -39 = 2*b - 43. What is the units digit of v?
8
Suppose -3*a - 28 = 4*a. Let t be ((-127)/a)/((-9)/(-36)). Suppose 5*h - 15 = 0, 3*b = b + 3*h + t. What is the units digit of b?
8
Let x be (-64)/544 + 70/17. Suppose 0 = -3*i + x*t + 3593, 4*t = -2*i + t + 2384. What is the units digit of i?
5
Suppose -86*s + 389367 + 1934181 = 85*s. What is the units digit of s?
8
What is the units digit of (-2)/(-4) - (-66174)/24*2?
5
Suppose -53*j = 32*j - 34*j - 621639. What is the hundreds digit of j?
1
Let j(p) = -366*p - 796. What is the tens digit of j(-18)?
9
Suppose 3*f - 54 = 42. Suppose 5*t - f + 7 = 0. Suppose 500 = 4*o + 4*p, t*o = -4*p - 0*p + 624. What is the hundreds digit of o?
1
Suppose -2*k - 45 = 3*k + 5*d, -8 = 2*d. Let l = k + 9. Suppose 0 = -5*t + l*t + 43. What is the tens digit of t?
4
Let o(g) = g**2 - g - 4. Let z be o(1). What is the hundreds digit of (1797/(-12)*z)/(4 - 3)?
5
What is the tens digit of ((-255)/10)/(6/(-15096)*3)?
8
Suppose 15*j + 10 = 16*j. Suppose j*b + 0 - 30 = 0. What is the tens digit of b/15*-2 + 204/10?
2
Let b = -58 + 58. Suppose b = 2*m + m - 0*m. What is the tens digit of (-405)/(-18) - ((-1)/2 + m)?
2
Let m(q) = -q**3 - 7*q**2 + 8*q + 80. Let b be m(-6). What is the hundreds digit of ((-14)/b)/((-298)/100 - -3)?
1
Suppose 3*r + 11 - 3 = 5*p, 12 = 2*p + r. Let b(n) be the third derivative of 2*n**5/15 - 5*n**4/12 + 10*n**3/3 + 19*n**2 + 2*n. What is the tens digit of b(p)?
0
Let h = -1761 - -645. Let g = h + 1650. What is the hundreds digit of g?
5
Let v(c) = -4173*c - 3902. What is the tens digit of v(-5)?
6
Let d(a) = 6*a + 8. Let k(p) = -7*p - 9. Let u(q) = 6*d(q) + 5*k(q). Let m be u(3). Suppose -m*x + 2*x = -288. What is the tens digit of x?
7
What is the tens digit of 0 + 13 - (-4053 + -87)?
5
Let p(g) = g**2 - 8*g + 7043. What is the hundreds digit of p(0)?
0
Suppose -120 = 78*y - 75*y. Let b = y + 38. Let o(f) = 9*f**2 - f + 3. What is the tens digit of o(b)?
4
Suppose 2019*s + 5*k = 2022*s - 68664, -91621 = -4*s - k. What is the ten thousands digit of s?
2
Let v(c) = 263*c**2 - 690*c + 32. What is the hundreds digit of v(9)?
1
Let p = -351 - -351. Suppose x - 9*x + 664 = p. What is the units digit of x?
3
Let n(w) = -w**3 - 5*w**2 + 7*w - 2. Let y be n(-6). Let b = y - -2. What is the units digit of (9/(-12))/(b/288)?
6
Let k be 8 + -17 - (1 - 482). Let q = -192 + -122. Let u = k + q. What is the tens digit of u?
5
What is the ten thousands digit of (38415 + -49)*(-1)/20*-6*5?
5
Let s(k) = -391*k + 88. Let j be s(-3). Suppose -2*u + j = 171. What is the hundreds digit of u?
5
Suppose -2*d = n - 8134, -n - 4*d - 1702 = -9846. What is the hundreds digit of n?
1
Let h(t) = 22*t**2 - t + 2. Let u be h(-2). Let q = u + 615. What is the tens digit of q?
0
Let i = -208698 + 296146. What is the tens digit of i?
4
Suppose 40*n - 85*n = -1186110. What is the tens digit of n?
5
Let k(z) = -z**3 - 7*z**2 - 25*z + 4. Let a = -173 - -163. What is the tens digit of k(a)?
5
Suppose -3*j - 40 = 2*j. Let a = j + 10. Suppose 4*y + a*q - 582 = 0, y + 4*q = 2*q + 153. What is the hundreds digit of y?
1
Let f(y) = -y**2 - 5*y - 1. Let s be f(-2). Let z(t) = 10*t**2 + t**3 - 1 - 7 + 7*t + t**3 - 4*t**3. What is the tens digit of z(s)?
2
What is the units digit of 3/(-72)*-332*-3*-94?
1
Let q(o) = o - 4. Suppose -2*h = 3*v - 16, h + 10 = 2*h + 2*v. Let d be q(h). What is the hundreds digit of -1 - (-2 + -130 + d)?
1
Suppose -5227 = -l - 5*g, 23*g = -5*l + 26*g + 26163. What is the units digit of l?
2
Suppose 0 = 5*q + 3*u - 87, 3*q - 52 = -0*q - 2*u. Suppose -3*k + 5*z = -60, -7*k + 4*z - 40 = -9*k. Suppose -q*d + k*d = 446. What is the hundreds digit of d?
2
Let d(o) = o**3 + 23*o**2 - 30*o - 329. What is the thousands digit of d(-17)?
1
Let i(c) = -c**2 - c. Let h(g) = -19*g**2 + 1. Let w = -26 - -25. Let m(s) = w*h(s) - 2*i(s). What is the units digit of m(-2)?
9
Let y(l) = -l**2 - 31*l - 1. Suppose 202*r + 72 = 194*r. What is the units digit of y(r)?
7
Let n be (-2)/(-4) + (-7)/(56/(-972)). Let s = 254 - n. Suppose -44 = -4*h + s. What is the units digit of h?
4
Let v(j) = -83*j + 48. Let t(b) = 251*b - 146. Let l(s) = 4*t(s) + 14*v(s). What is the units digit of l(-6)?
6
Let t(o) = 7*o**2 - 5*o + 4. Let a be t(1). Let h be -3 + a + -6 - -583*1. Suppose -728 - h = -6*v. What is the tens digit of v?
1
Let k = 11 + -20. Let i be 5/(-4)*(1 + k). Suppose y - i = 58. What is the tens digit of y?
6
Let h(m) = m**3 - 8*m**2 + 7*m + 4. Let r be h(7). Suppose -2*k - 28 + 98 = 5*u, -4*u + 56 = -r*k. Suppose 162 = 17*t - u*t. What is the tens digit of t?
5
Suppose -2*q + 79 = -21. Suppose 4*m = b - 3, m + 5*b = 6*b - 3. Suppose -q*f + 48*f + 26 = m. What is the tens digit of f?
1
Suppose 220471 = 57*o - 285347. What is the units digit of o?
4
Let q(w) = 862*w**2 + 27*w + 278. What is the hundreds digit of q(-8)?
2
Let i = -7500 - -30003. What is the hundreds digit of i?
5
Suppose -52*w = -51*w - 13. What is the tens digit of (61/(-3))/((8 - w)/30)?
2
Let r(a) = 1